6)/20)/(-1))?
2, 23
Let x(i) be the first derivative of -i**3/3 + 6*i**2 + 2*i + 5. Let o be x(10). Suppose -b = -2*b + o. What are the prime factors of b?
2, 11
Let a = 114 + -71. Let p = 10 + a. What are the prime factors of p?
53
Let s(j) = j**3 + 8*j**2 + 4*j - 7. Let r be s(-7). Let z = -11 + r. Let h = z + 33. What are the prime factors of h?
2, 3
Let o(g) = -g**3 + 6*g**2 + 3*g + 2. Let q be -4 + 1/2*14. What are the prime factors of o(q)?
2, 19
List the prime factors of (-54)/(-216) - (-10279)/4.
2, 5, 257
Let k(v) = -v**2 + 16*v - 48. What are the prime factors of k(7)?
3, 5
Suppose 8 = 3*s - 7*s. Let k(o) = o**2 - 4*o**2 + 3*o + o**2 - 4*o**3 + 2. What are the prime factors of k(s)?
2, 5
Let w(v) = 2*v**3 - 24*v**2 + v - 28. What are the prime factors of w(13)?
17, 19
Suppose 0 = -a + 3*a - 60. List the prime factors of a*((-236)/(-88) + 2/(-11)).
3, 5
Let j = -198 + 466. What are the prime factors of j?
2, 67
Suppose -2*t = 3*t - 30. Suppose w = -a + t, a - 2 = -4*a + 2*w. Suppose -10 = -3*f - a*f, 0 = k + 5*f - 13. List the prime factors of k.
3
Let x(i) = i + 15. Let s be (-6)/(5*8/20). Let p be (2 - s - 4) + -9. List the prime factors of x(p).
7
Let o = 22 + -24. Let l(t) be the second derivative of 5*t**4/12 + t**2 - t. List the prime factors of l(o).
2, 11
Let l be -3 - (-57)/18 - 377/(-6). Let q = l - 50. List the prime factors of q.
13
Let j = 1865 - 676. List the prime factors of j.
29, 41
Let d be (17 - 12)*4/5. Suppose 2*g + 2*g = 620. Suppose -j + g = d*j. What are the prime factors of j?
31
Let x(z) = 2*z**2 + 3*z - 3. Let l be x(-6). Let w = -29 + l. Suppose -154 + w = -2*i. What are the prime factors of i?
2, 3, 11
Suppose -4*o + 14 = 10. Suppose p + 4*m = 3*m + 313, 304 = p + 4*m. What are the prime factors of ((-1)/(-4))/(o/p)?
79
Let y be ((-2)/4)/((-2)/(-64)). Let g be ((-8)/(-16))/(1/y). Let q = 18 - g. List the prime factors of q.
2, 13
List the prime factors of (2/4)/(-11*(-8)/77440).
2, 5, 11
Let m(d) = -170*d - 17. List the prime factors of m(-8).
17, 79
Suppose -17 = -4*h - 1. Suppose 3*f - 9 = 0, h*b + f - 106 = 145. What are the prime factors of b?
2, 31
Let i be 18/8 + (-30)/(-40). Suppose 3*c + 314 - 17 = 4*j, i*j - 4*c - 228 = 0. What are the prime factors of j?
2, 3
Suppose -21*q + 33712 = -35168. List the prime factors of q.
2, 5, 41
Suppose -3*k + 90 = 2*k. Suppose -3*m = -3*n + 15, 2*m - 4*m - k = -4*n. Suppose n*f = -35 + 103. What are the prime factors of f?
17
Let v(g) be the second derivative of g**3/3 + 27*g**2 - 48*g. What are the prime factors of v(21)?
2, 3
Suppose 9*w - 264 = 150. Let i = 4 + w. What are the prime factors of i?
2, 5
Let m be 4*3*(-5)/(-6). Suppose -g + 324 = -5*j + 1426, 5*j - 2*g = 1104. What are the prime factors of ((-6)/m)/((-4)/j)?
3, 11
Let u(d) = -156*d - 148. What are the prime factors of u(-4)?
2, 7, 17
Suppose -4*j - 2*l - 288 = 2*l, -j - 71 = 2*l. Let h = j + 121. What are the prime factors of h?
2, 3
Let y = -52 + 104. Let n = y - 1. What are the prime factors of n?
3, 17
Let l = -28 + -26. List the prime factors of (282/l - (-4)/18)*-2.
2, 5
Let n = -383 + 817. List the prime factors of n.
2, 7, 31
Suppose 977 = n - 3*f, 4*n - 6*n = f - 1933. What are the prime factors of n?
2, 11
Suppose -4*y + 18 = 2*b, 6*b - 3*y = 2*b + 25. Let n = -17 - -12. Let h = n + b. What are the prime factors of h?
2
Suppose -3*u + 4*m + 36 = 0, 3*u + 3*m + 0*m = 15. Let w(r) = r - 5. List the prime factors of w(u).
3
Let k be 2/(-8) - 132/48. What are the prime factors of 1*k*(-69)/9?
23
Suppose o + 4*o = 0. Let f = 5 - o. Suppose 2*c + x - 39 = 0, f*c + 3*x - 81 = c. What are the prime factors of c?
2, 3
Let t(r) = r + 12. Let m be t(-6). Suppose 3*s = s + m. Let f(z) = 3*z**2 - 2*z - 1. What are the prime factors of f(s)?
2, 5
Suppose -13*r + 3 = -12*r. Suppose -3*t - 511 = -5*i, 0 = -r*i + 3*t + 298 + 5. List the prime factors of i.
2, 13
Suppose 2 = u - 5. Let j be (u + -3)*-19*-1. Suppose 5*d - j = 5*v + 69, 0 = d + 5*v - 41. What are the prime factors of d?
31
Let v be 1*(3 - -10) - 4. Suppose v = -p + 29. List the prime factors of p.
2, 5
Suppose 2114 + 5878 = 8*c. List the prime factors of c.
3, 37
Let i = -404 + 696. List the prime factors of i.
2, 73
Let t be (-4)/(-1 + (-60)/(-62)). Suppose -t = -5*a + 1. What are the prime factors of a?
5
What are the prime factors of -6 + 152/24 - 1583/(-3)?
2, 3, 11
Suppose 0 = 5*c, 5*o - c = 3*c. Suppose 3*s - t + 13 = o, 0 = s + 2*s + 2*t + 1. Let f(z) = -6*z - 1. List the prime factors of f(s).
17
Suppose y = 4*c + 30 - 10, -3*y + 2*c + 30 = 0. Let m = y + -10. What are the prime factors of 2*1/m*-29?
29
Let f(n) = n**2 - 22*n + 18. List the prime factors of f(-20).
2, 3, 11, 13
Let j(r) = -r**2 - 6*r + 19. Let k be j(-8). Suppose -9*y = -10*y + k. Suppose 0 = w - 4, 0*l - y*l = 2*w - 26. List the prime factors of l.
2, 3
Let k = -111 - -115. Suppose 2*m + k*m = 690. List the prime factors of m.
5, 23
Let u be -2 + (12 - -2) + 9/(-3). Let g(k) = 3*k**2 + 6*k - 30. What are the prime factors of g(u)?
3, 89
List the prime factors of ((-249)/(-498))/((-2)/(-9636)).
3, 11, 73
Let o(k) = k**3 + 14*k**2 + 3*k - 40. Let x be o(-12). Let f = -86 + x. List the prime factors of f.
2, 3, 7
Suppose 3*c - 118 = -5*r, -5*r = 3*c - 3*r - 112. What are the prime factors of (18/4)/(3/c)?
2, 3
Let n(m) = 33*m**2 - 19*m - 84. What are the prime factors of n(-8)?
2, 5, 109
Let d(g) = -g**3 + 29*g**2 - 35*g + 41. What are the prime factors of d(11)?
2, 7, 131
Suppose 18*r - 16 = 22*r. Let o be ((-159)/2)/(3/r). Let v = -44 + o. What are the prime factors of v?
2, 31
Let j(s) = 10*s**2 - 2*s - 7. Let b be j(-3). Suppose 4*q = 3*q + 2*o + b, -q - 5*o + 103 = 0. What are the prime factors of q?
3, 31
Suppose 4*b - 2 = -6. What are the prime factors of 15/(b + 6) + 79?
2, 41
Let b(c) = c**3 + 8*c**2 + 7*c + 2. Let l be b(-7). Let h be (-10 + 5 - -5)/(2/2). Suppose -w - m = -h*m - 24, -l*m + 70 = 3*w. List the prime factors of w.
2, 11
Suppose -2*b = -4*q + 4, 5 = 5*q + b - 14. Suppose 2*v - 1 = d + 8, 4*d + 2*v = 4. List the prime factors of (0/d)/q + 32.
2
Suppose -17666 = -35*g + 26224. What are the prime factors of g?
2, 3, 11, 19
Suppose 2*r - 3*l = -2, -2*r - 4 = 2*r - 5*l. Let n(b) = 42*b**2 + 1. Let u(q) = 43*q**2 + 2. Let y(z) = 3*n(z) - 2*u(z). List the prime factors of y(r).
3, 13
Suppose -5*l + 3*f = -14, 0 = -3*l - 0*f - 2*f - 3. What are the prime factors of 14 - (l - 21/12)*-4?
11
Let f(j) = 3*j - 5. Let r be f(1). List the prime factors of (-115)/r*(-4 - -6).
5, 23
Let g be (168/((-9)/9))/(-2). Let y = 21 - 1. Suppose -5*f = z - 56, f + y + g = 3*z. List the prime factors of z.
2, 3
Let q = -52 - -110. Let n = q - 31. Suppose 0 = -3*d + 5*k + 44, 4*d + k - 101 = -n. List the prime factors of d.
2, 3
Let t = 669 - 167. List the prime factors of t.
2, 251
Let m = 1263 + -678. What are the prime factors of m?
3, 5, 13
Let r = -10 + 74. Suppose 3*u - 8*u = -105. Let l = r - u. What are the prime factors of l?
43
Let c(r) = r**3 + 10*r**2 - 9*r - 3. Let w be c(-11). List the prime factors of (-2 + w/(-15))*-255.
5, 17
Let q = -42 - -54. Suppose 2*n - 74 = q. List the prime factors of n.
43
Suppose -3*b + 171 = -3*r, -2*r + 5*r = -3. What are the prime factors of b?
2, 7
Let m(n) = 26*n**2 - 4*n + 2. Let v(o) = 25*o**2 - 3*o + 1. Let z(j) = -2*m(j) + 3*v(j). Let b be z(-1). Let d = -6 + b. What are the prime factors of d?
17
Let x(j) = -34*j**2 + 4 - 5*j + 35*j**2 - j. Let t be x(4). List the prime factors of (0 - -53) + t + 1.
2, 5
Let i(s) = -26*s + 451. List the prime factors of i(-11).
11, 67
What are the prime factors of (-8048)/(3 + -7)*(-3 + 5)?
2, 503
Suppose 4*m - 4*l = -l + 116, -l - 56 = -2*m. Suppose 0 = -29*t + m*t - 84. Let r = 102 + t. What are the prime factors of r?
2, 37
Suppose 4*n - 3*m + 38 = -m, 0 = n - 5*m + 14. List the prime factors of 3*290/n*-3.
2, 5, 29
Let a = -3739 + 5706. List the prime factors of a.
7, 281
Suppose 6*k - 3*k - 126 = 0. Suppose 5*x - 3 - k = 0. Let r = 12 + x. What are the prime factors of r?
3, 7
Let k(j) = j + 53. Let x be k(24). Let d = x - -6. List the prime factors of d.
83
Suppose 47 = -4*s + 5*p - 0*p, 2*s + 19 = p. Let f(m) = m**3 + 11*m**2 + 6*m + 6. What are the prime factors of f(s)?
2, 